c).
9
Let v be (2/4)/(8/16). Let q(k) be the third derivative of -k**5/12 - k**4/24 + k**3/6 - 325*k**2 + 7*k. Determine q(v).
-5
Let k(f) = -13*f + 446. Let c(g) = -4*g + 166. Let a(i) = -8*c(i) + 3*k(i). Suppose -1 = u - 3. Determine a(u).
-4
Let y(h) = -h**2 - 7*h - 2. Let x(n) = -n + 0*n + 5 + 0*n - n**2 - 2*n. Let r be 4/(-7)*(-21)/6. Let m be x(r). Give y(m).
8
Let n(h) = h**2 + 10*h - 117. Suppose 23375*k = 23356*k + 133. What is n(k)?
2
Let c(r) = r**3 + 3*r**2 + 4. Let k = -58 - -61. Suppose -k*n = -s, -5*s - 3*n = -5 + 23. What is c(s)?
4
Let t(g) = -g**3 - 9*g**2 + 9*g - 8. Suppose q + 710 = 3*z + 3*q, 3*z - 2*q - 694 = 0. Let u be (-2)/8 + (-2)/(48/z). Give t(u).
2
Let g(v) = v**3 + 4*v**2 + 3*v. Suppose -76*p = -68*p - 264. Suppose 10 = 28*x - p*x. Determine g(x).
2
Let c = 323 - 310. Let l(b) = -10*b - 10. Let z(q) = 22*q + 21. Let p(i) = c*l(i) + 6*z(i). Give p(8).
12
Let y(x) = x**3 - 48*x**2 - 946*x + 59. Let m be y(63). Suppose -2*b = -0*b - 4. Let w(h) = -3*h**2 + h**2 - 5*h + h**b - 2. What is w(m)?
2
Let n(t) = -t**2 - t - 1. Let r(w) = 3*w**2 + 8*w + 28. Let s(g) = -4*n(g) - r(g). Calculate s(-5).
21
Let y(n) = 0*n**2 + 2*n**2 + 414*n**3 - 413*n**3 - 24. Let z be 0/(-4 + 0 + (66 - 64)). Give y(z).
-24
Let h(q) = 3*q + 40. Let c(g) = -11*g - 143. Let b(s) = -2*c(s) - 7*h(s). Let y = 1 + 6. Calculate b(y).
13
Let p(m) = -12 - 2*m**2 + 49 - 35. Let j be 4*6/8 - 0. Let q(x) = 3*x**2 - x - 4. Let i(t) = j*q(t) + 5*p(t). Give i(3).
-20
Let i(g) = 4*g + 4. Let q = 40 + -55. Let w be ((-22)/33)/(4/q)*-2. Determine i(w).
-16
Let y(t) = 21*t**2 - 145*t - 4. Let f be y(7). Let i(m) = -5*m + 52. What is i(f)?
2
Suppose -5*c = -9*c. Let n(w) = 11*w**3 - 3*w**2 + 1. Let k be n(2). Let i(t) = -3*t**3 + t + 2*t**3 + k - 77. Calculate i(c).
0
Let l be (-6)/(-4)*(-12 - -14). Suppose 7 = d - 3*g, g = 4*d - l*g - 28. Let k(u) = -2*u + 4. What is k(d)?
-10
Let q(v) = v**3 + 2*v**2 - v - 3. Let j(i) = i**3 - 49*i**2 + 49*i - 46. Let s be j(48). What is q(s)?
11
Let h(o) be the second derivative of o**6/120 - o**5/60 - o**3/3 + 3*o**2 - o + 8. Let r(u) be the second derivative of h(u). What is r(2)?
8
Let b(k) be the first derivative of 13*k**2/2 + 6*k - 27. Let w be b(2). Let q(g) = -w*g**2 - 170 - g + 170. Give q(-1).
-31
Suppose -232*t - 41 - 135 = -56*t. Let m(h) = -89*h**3 + h**2. Give m(t).
90
Let o(h) = -h**2 + 224. Suppose 4*t - 125 = -3*f - 52, -65 = -2*f - 5*t. What is o(f)?
-1
Let i(t) be the second derivative of t**3/2 + 7*t**2/2 - 266*t + 2. Calculate i(-7).
-14
Let i(k) be the third derivative of -7/24*k**4 - 1/3*k**3 + 0 - 2*k + 6*k**2. Calculate i(-2).
12
Let p(k) = -k**3 - k**2 - 4. Let u(l) = l**2 + 9*l + 8. Let b be u(-8). Suppose r - 32 = -16. Suppose -5*o - 4*g = r, -2*g - 8 = -2*o - b. What is p(o)?
-4
Let a = -18 + 36. Suppose 8*u = -74 + a. Let n(m) = m**2 + 4*m - 9. What is n(u)?
12
Suppose 0 = -p - 2*w + 2 + 2, 2*p = 5*w - 1. Let s = 4447 + -4444. Let b(v) = -p*v + 8*v - s*v + v. Calculate b(-2).
-8
Let v(m) be the second derivative of -m**3/6 + 7*m**2 + 454*m - 1. Calculate v(8).
6
Let m(a) be the third derivative of -a**6/120 - 4*a**5/15 + 2*a**3 - 2485*a**2. What is m(-16)?
12
Let r(g) = -g**3 + 3*g**2 + g + 6. Let l be 0 - 4/(-6 + 2). Let n(y) = y**2 + y + 1. Let u(q) = l*r(q) - 3*n(q). Let v be -2*3/(-6) - -1. Calculate u(v).
-9
Let v be -96 + (-9 - -4)/(-5). Let q = -23 - v. Suppose -5 = 7*m + q. Let r(g) = g**3 + 10*g**2 - 9*g + 15. What is r(m)?
-7
Suppose -13*a - 19 = -17*a - 3*h, -5*a + 3*h - 37 = 0. Let g(c) = 6*c**2 + c + 5. Determine g(a).
27
Let l(x) = -31*x + 1. Suppose -5*a - q + 71 = 354, q + 169 = -3*a. Let n = -56 - a. What is l(n)?
-30
Let a(z) = z**3 + 29*z**2 + 33*z + 155. Let u = 30770 - 30798. Determine a(u).
15
Let i(y) be the third derivative of -y**6/120 + 7*y**5/60 - y**4/4 - y**3/3 - 2*y**2 + 17. Suppose -10*z + 45 = -15. Calculate i(z).
-2
Let j(g) = -23*g + 130. Let l be j(6). Let f(h) = -4*h - 17. Calculate f(l).
15
Let d(p) = 6*p - 9. Let i(m) = -282*m + 5082. Let k be i(18). Give d(k).
27
Let t(z) be the first derivative of -7*z**4/2 - z**3/3 - z**2/2 + 2*z - 1411. Give t(1).
-14
Let d(v) = -v**3 - 2*v**2 + 4. Let y be d(-2). Let i(a) = 1 + 5*a**2 - a**3 + 1 + 5 - 7*a - 2. Determine i(y).
-7
Suppose 34*k + 132 + 186 = -22. Let j(l) = l**3 + 10*l**2 + 3*l + 23. Calculate j(k).
-7
Suppose -5*j + 96 = 4*q, 0 = 5*j - 2*q - 95 - 7. Let r be 18/30*j/6. Let v = 2 - r. Let n(g) = g + 20. Calculate n(v).
20
Let g(o) = o + 541 + 66 - 149 + 18*o. Give g(-24).
2
Let v(r) be the second derivative of -r**3/6 - 2*r**2 + 11*r + 7. Suppose 0*x = -13*x + 26. Calculate v(x).
-6
Let b(q) = 2*q**3 - 6*q**2 + q + 10. Let v be (3 + 1 + (-2 - -12))*3/21. Determine b(v).
4
Suppose 3*k = 5*g - 17, 14*k = -5*g + 10*k + 24. Let c(o) = 5*o**2 - 3*o - 4. Let j(v) = 6*v**2 - 3*v - 4. Let q(i) = -5*c(i) + 4*j(i). Calculate q(g).
0
Let x(b) = 19 + 3*b + 15 - 2*b. Let d be (-135)/(-15) + (-4)/2 + 42/(-6). Give x(d).
34
Let c(r) = -r**3 + 5*r**2 + 8*r - 2. Suppose -4*o = -2*y + 292, -7*o + 12*o = y - 161. Let v = 142 - y. Give c(v).
10
Let g(n) = -n**3 - 7*n**2 + 7*n - 4. Let i = -2877 - -2869. Determine g(i).
4
Let f be -4*(0 + -1)*632/16. Let c(s) = -f*s + 158*s - 2*s**2 + s**3. Suppose 13*o = 7*o + 18. What is c(o)?
9
Let m(x) be the third derivative of x**6/120 + 13*x**5/60 + 7*x**4/6 + 26*x**3/3 - 36*x**2 - 17*x. Calculate m(-11).
-14
Let c(a) = -4*a**2 - a**2 + 2*a**2 - 1698 + 1690. Determine c(-3).
-35
Let a(l) be the first derivative of -1/2*l**3 + 5/24*l**4 + 1/60*l**5 + 0*l + 6*l**2 + 20. Let c(z) be the second derivative of a(z). Give c(-5).
-3
Suppose -q - 8 = -3*q. Suppose -662 = -15*k + 193. Let c(v) = 2 + 5*v**2 + 6*v**3 - 3*v - k*v**3 + 3 + 50*v**3. What is c(q)?
9
Let g(d) = -d**3 - 4*d**2 - 4*d - 15. Let m be (2/3)/(38/228 - (-2)/(-6)). Calculate g(m).
1
Let y(i) be the second derivative of 13*i**4/6 + i**3/2 + i**2 + 2111*i. Give y(-1).
25
Let l be (-14)/161 - 113/23. Let r be 3*(8 + l + -4)/1. Let s(o) = -3*o - 4. Determine s(r).
5
Let n(m) be the second derivative of m**4/12 - m**3 + m**2/2 + 37*m - 2. Let d(x) = x - 1. Let v be d(5). What is n(v)?
-7
Let v(q) = 188*q - 79*q + 25 - 98*q. Calculate v(-4).
-19
Suppose 1 = 3*p - 4*n, -5*p - 4*n = -0*n - 23. Let d(o) = -p*o - 3*o - 15 + 1 + 2*o. Give d(-4).
2
Let u = -224 + 252. Let l(f) = 31*f - 90*f + u*f + 27*f. Let w(q) = q - 2. Let n be w(-2). Calculate l(n).
16
Suppose -r - r = 0. Suppose -3*n = -4*f + 4, -4*f = -r*n + 3*n - 4. Let l(c) = -4*c**2 - 5*c**2 - c**2 + 2*c**2 - c + 5*c**2. Determine l(f).
-4
Let s be (-2232)/(-15) - (-12)/60. Let i(b) = -3 - s*b - 1 + 153*b. Calculate i(-4).
-20
Let a(o) = -1 + 26*o**2 + 6*o - 85*o**2 + 28*o**2 + 30*o**2 + 5. Let m = 11 - 9. Suppose -24 = -m*z - 2*z. Determine a(z).
4
Let s(g) = 8*g**3 + 41*g**2 - 78*g + 27. Let f(b) = 13*b**3 + 62*b**2 - 118*b + 36. Let u(p) = 5*f(p) - 8*s(p). Determine u(16).
-4
Suppose -2599*v = -2589*v - 290. Let f(r) = r**2 - 29*r + 3. Give f(v).
3
Let r be -5*12/(-30)*(1 + 1). Let k(s) = -s + 5 + 4 + s**2 - r + 7*s. Give k(-5).
0
Let f(q) = 2*q - 2. Suppose -3*k = -3*l + 84, -3*k - 3*l - 66 = -k. Let r(o) = o**3 - 9*o**2 + 7*o + 4. Let g be r(8). Let m be ((-42)/63)/(g/k). Give f(m).
-12
Let m(d) = -7*d**2 - 10*d - 21. Let y(q) = 22*q**2 + 13 - 13 - 19*q**2 + 5*q + 6 + 4. Suppose 0 = 2*o - 2 + 10. Let w(v) = o*m(v) - 9*y(v). What is w(5)?
-6
Let l be -1*(-6)/((-108)/(-42))*-3. Let p be (l - 2) + (3 - (3 - 3)). Let f(z) = z**2 + 7*z + 12. Give f(p).
6
Let x be (-1458)/10935 - 148/15. Let z(k) = -k + 5. Let o(g) = -g + 6. Let r(v) = 5*o(v) - 6*z(v). Determine r(x).
-10
Let y(k) = 39*k - 69. Suppose -5*b = 4*g + 1211 - 1229, 2*b - g = 2. Calculate y(b).
9
Let z be (1/2 + 3/(-2))*-2. Let v be (z - 0)*(-9)/(-6). Let s(k) be the third derivative of k**6/120 - k**5/30 - k**4/8 + k**3/3 - 5*k**2. What is s(v)?
2
Suppose -5558 - 2472 = 10*k. Let w = -811 - k. Let u(y) = 4*y + 38. What is u(w)?
6
Let x(z) = z**2 - 15*z + 2. Let l be (8*2/(-4))/(62/(-217)). Determine x(l).
-12
Let v(j) be the first derivative of -j**6/360 + 13*j**5/120 - 2*j**3/3 + 33*j**2/2 - 80. Let c(k) be the third derivative of v(k). Calculate c(13).
0
Let o(l) = -7*l**2 - 17*l + 36. Let j(h) = -18*h**2 - 43*h + 8